3, 15551
What are the prime factors of 22794974?
2, 11397487
What are the prime factors of 954557082?
2, 3, 293, 60331
List the prime factors of 21096502.
2, 7, 131, 11503
List the prime factors of 49744339.
433, 114883
List the prime factors of 94139576.
2, 11767447
List the prime factors of 64530866.
2, 32265433
What are the prime factors of 50368579?
4729, 10651
What are the prime factors of 2603110241?
991, 2626751
What are the prime factors of 497897369?
71, 1201, 5839
List the prime factors of 38189228.
2, 7, 11, 17713
What are the prime factors of 81973953?
3, 43, 191, 1109
What are the prime factors of 2807136825?
3, 5, 37428491
What are the prime factors of 322602535?
5, 7877, 8191
What are the prime factors of 67443936?
2, 3, 7, 100363
What are the prime factors of 96963248?
2, 6060203
What are the prime factors of 79229864?
2, 7, 359, 563
List the prime factors of 61390630.
2, 5, 7, 125287
List the prime factors of 52432013.
83, 631711
List the prime factors of 51783468.
2, 3, 11, 392299
List the prime factors of 376331796.
2, 3, 23, 454507
List the prime factors of 576189581.
11, 79, 663049
List the prime factors of 202555063.
349, 1663
What are the prime factors of 572219739?
3, 7, 13, 41, 17041
List the prime factors of 5004169163.
7, 139, 5143031
List the prime factors of 129598198.
2, 37, 1751327
List the prime factors of 17803326.
2, 3, 2967221
List the prime factors of 2003379502.
2, 7717, 129803
List the prime factors of 81693653.
17, 282677
List the prime factors of 140811164.
2, 13, 1319, 2053
List the prime factors of 65313834.
2, 3, 821, 13259
What are the prime factors of 1029827956?
2, 37, 1013, 6869
What are the prime factors of 1015043371?
641, 1583531
List the prime factors of 32844928.
2, 137, 1873
List the prime factors of 80791498.
2, 37, 1091777
List the prime factors of 390651225.
3, 5, 5208683
What are the prime factors of 411423857?
13, 2557, 12377
List the prime factors of 209727721.
7, 29961103
List the prime factors of 1787552069.
1787552069
List the prime factors of 1018012833.
3, 467, 80737
List the prime factors of 6552660760.
2, 5, 83, 271, 7283
List the prime factors of 171271609.
171271609
List the prime factors of 301202200.
2, 5, 13, 31, 37, 101
What are the prime factors of 2141298901?
7, 863, 354461
What are the prime factors of 2617667328?
2, 3, 3408421
What are the prime factors of 680127198?
2, 3, 29, 857, 4561
What are the prime factors of 42956534?
2, 21478267
List the prime factors of 245860376.
2, 29, 1059743
What are the prime factors of 397070990?
2, 5, 39707099
What are the prime factors of 7984741?
1181, 6761
What are the prime factors of 3578320708?
2, 3761, 237857
List the prime factors of 3313975344.
2, 3, 69041153
List the prime factors of 2642100173.
7499, 352327
What are the prime factors of 499950151?
499950151
What are the prime factors of 450115028?
2, 11, 277, 36931
List the prime factors of 1546331667.
3, 515443889
What are the prime factors of 4985198772?
2, 3, 11783, 35257
What are the prime factors of 44072740?
2, 5, 2203637
List the prime factors of 21686742.
2, 3, 7, 11, 15647
List the prime factors of 1258389859.
1258389859
What are the prime factors of 260595006?
2, 3, 7, 17, 364979
List the prime factors of 43773249.
3, 13, 17, 103, 641
What are the prime factors of 40520216?
2, 11, 137, 3361
List the prime factors of 93922091.
1439, 65269
What are the prime factors of 187698326?
2, 17, 179, 30841
List the prime factors of 3348584928.
2, 3, 13, 17, 19, 71
List the prime factors of 842285728.
2, 109, 113, 2137
What are the prime factors of 4492585078?
2, 23, 97664893
List the prime factors of 5390528439.
3, 29, 61960097
List the prime factors of 10855042.
2, 11, 19, 25969
What are the prime factors of 31319523?
3, 43, 80929
List the prime factors of 43729028.
2, 7, 53, 79, 373
List the prime factors of 413627556.
2, 3, 439, 78517
List the prime factors of 25151257.
25151257
What are the prime factors of 2351605311?
3, 11, 7917863
What are the prime factors of 247671794?
2, 79, 277, 5659
What are the prime factors of 127364519?
1481, 85999
List the prime factors of 769447581.
3, 7, 211, 173651
What are the prime factors of 609503329?
17, 35853137
List the prime factors of 90629312.
2, 17, 83299
List the prime factors of 6101577129.
3, 97, 20967619
What are the prime factors of 553794052?
2, 7, 41, 482399
What are the prime factors of 984754356?
2, 3, 137, 598999
List the prime factors of 4828404035.
5, 7, 13, 659, 16103
List the prime factors of 93874526.
2, 223, 210481
What are the prime factors of 5744055274?
2, 47, 61106971
List the prime factors of 99217473.
3, 653, 50647
What are the prime factors of 14594069?
7, 827, 2521
List the prime factors of 236437199.
236437199
What are the prime factors of 2037266021?
7, 291038003
What are the prime factors of 5652525156?
2, 3, 19, 277, 89501
What are the prime factors of 92169232?
2, 139, 41443
What are the prime factors of 3170520587?
13, 17, 14346247
List the prime factors of 722925141.
3, 53, 4546699
List the prime factors of 419763195.
3, 5, 1103, 2819
What are the prime factors of 624642449?
2897, 215617
List the prime factors of 229138577.
31, 7391567
What are the prime factors of 70970629?
197, 360257
What are the prime factors of 18699839?
18699839
List the prime factors of 5966888172.
2, 3, 7, 523, 19403
What are the prime factors of 165767561?
17, 61, 159853
What are the prime factors of 8914870666?
2, 13, 227, 116191
What are the prime factors of 210500867?
19, 43, 101, 2551
List the prime factors of 647329991.
7, 11, 107, 78569
What are the prime factors of 1429025879?
31, 2207, 20887
List the prime factors of 3718062406.
2, 7727, 240589
What are the prime factors of 2229493693?
7, 11923, 26713
List the prime factors of 93355683.
3, 19, 86201
What are the prime factors of 31024546?
2, 7, 316577
List the prime factors of 9548948.
2, 2387237
List the prime factors of 2330602702.
2, 11597, 100483
List the prime factors of 221548491.
3, 199, 123701
What are the prime factors of 122394556?
2, 59, 518621
List the prime factors of 2579308584.
2, 3, 107471191
List the prime factors of 6064307.
6064307
What are the prime factors of 187038667?
419, 509, 877
List the prime factors of 2208055739.
2897, 762187
List the prime factors of 162877684.
2, 599, 67979
List the prime factors of 3958722608.
2, 6577, 37619
What are the prime factors of 96467369?
29, 877, 3793
What are the prime factors of 2696023492?
2, 131, 5145083
What are the prime factors of 51736328?
2, 7, 67, 13789
List the prime factors of 472187533.
853, 553561
List the prime factors of 3320020937.
179, 18547603
What are the prime factors of 218077366?
2, 13, 8387591
List the prime factors of 29854919.
257, 116167
What are the prime factors of 20169636?
2, 3, 1680803
List the prime factors of 621874746.
2, 3, 463, 8291
List the prime factors of 27520574.
2, 1877, 7331
What are the prime factors of 847739928?
2, 3, 7, 5046071
What are the prime factors of 53662273?
7, 7666039
List the prime factors of 1151504835.
3, 5, 13, 5905153
List the prime factors of 89209741.
89209741
What are the prime factors of 81321530?
2, 5, 859, 9467
What are the prime factors of 71312842?
2, 35656421
What are the prime factors of 15653607?
3, 5217869
What are the prime factors of 315550722?
2, 3, 163, 322649
What are the prime factors of 36033322?
2, 13, 53, 79, 331
What are the prime factors of 428175072?
2, 3, 13, 97, 131
List the prime factors of 156709872.
2, 3, 11, 19, 41, 127
List the prime factors of 5218950347.
13, 31, 996173
What are the prime factors of 1056456375?
3, 5, 13, 37, 5857
What are the prime factors of 161469874?
2, 80734937
List the prime factors of 204620155.
5, 1009, 40559
List the prime factors of 18626900.
2, 5, 17, 10957
List the prime factors of 992055655.
5, 17, 37, 151, 2089
What are the prime factors of 125019401?
13, 2557, 3761
What are the prime factors of 3466228194?
2, 3, 11, 13, 43, 73
What are the prime factors of 618813770?
2, 5, 17, 3640081
List the prime factors of 4751122.
2, 31, 76631
What are the prime factors of 44800717?
13, 265093
List the prime factors of 1767627436.
2, 313, 599, 2357
List the prime factors of 4322930692.
2, 19